{"id":29,"date":"2023-11-06T09:42:53","date_gmt":"2023-11-06T09:42:53","guid":{"rendered":"https:\/\/jensreklambyra.se\/?page_id=29"},"modified":"2023-11-15T18:07:11","modified_gmt":"2023-11-15T18:07:11","slug":"start","status":"publish","type":"page","link":"https:\/\/jensreklambyra.se\/","title":{"rendered":"Start"},"content":{"rendered":"<section class=\"wpb-content-wrapper\"><p>[vc_row row_height_percent=&#8221;0&#8243; override_padding=&#8221;yes&#8221; h_padding=&#8221;2&#8243; top_padding=&#8221;3&#8243; bottom_padding=&#8221;2&#8243; back_color=&#8221;color-xsdn&#8221; overlay_alpha=&#8221;80&#8243; gutter_size=&#8221;4&#8243; column_width_percent=&#8221;100&#8243; shift_y=&#8221;0&#8243; z_index=&#8221;0&#8243; bottom_divider=&#8221;swoosh-opacity&#8221; el_class=&#8221;gradient&#8221; uncode_shortcode_id=&#8221;113449&#8243; back_color_type=&#8221;uncode-palette&#8221;][vc_column column_width_percent=&#8221;100&#8243; position_vertical=&#8221;bottom&#8221; gutter_size=&#8221;3&#8243; style=&#8221;light&#8221; overlay_alpha=&#8221;50&#8243; shift_x=&#8221;0&#8243; shift_y=&#8221;0&#8243; shift_y_down=&#8221;0&#8243; z_index=&#8221;0&#8243; medium_width=&#8221;7&#8243; align_mobile=&#8221;align_center_mobile&#8221; mobile_width=&#8221;0&#8243; css_animation=&#8221;bottom-t-top&#8221; animation_speed=&#8221;200&#8243; animation_delay=&#8221;100&#8243; width=&#8221;2\/3&#8243; uncode_shortcode_id=&#8221;793387&#8243;][vc_custom_heading text_size=&#8221;h3&#8243; uncode_shortcode_id=&#8221;160010&#8243;]<\/p>\n<div>\n<div>Den lilla reklambyr\u00e5n med de stora kunskaperna!<\/div>\n<\/div>\n<p>[\/vc_custom_heading][vc_column_text text_lead=&#8221;yes&#8221; uncode_shortcode_id=&#8221;262516&#8243;]Jag har \u00f6ver 20 \u00e5rs erfarenhet som grafisk designer inom reklambranschen.\u00a0Hos mig f\u00e5r du hj\u00e4lp med allt fr\u00e5n visitkort och broschyrer till roll-ups,\u00a0profilkl\u00e4der eller hela m\u00e4sskoncept. Jag jobbar i ett brett n\u00e4tverk f\u00f6r att ta fram b\u00e4sta l\u00f6sningen f\u00f6r dig \u2013 fr\u00e5n id\u00e9 till f\u00e4rdig produkt.[\/vc_column_text][vc_row_inner row_inner_height_percent=&#8221;0&#8243; back_color=&#8221;color-jevc&#8221; overlay_alpha=&#8221;50&#8243; gutter_size=&#8221;2&#8243; shift_y=&#8221;0&#8243; z_index=&#8221;0&#8243; uncode_shortcode_id=&#8221;522340&#8243; back_color_type=&#8221;uncode-palette&#8221; limit_content=&#8221;&#8221;][vc_column_inner column_width_percent=&#8221;100&#8243; position_vertical=&#8221;middle&#8221; align_horizontal=&#8221;align_center&#8221; gutter_size=&#8221;3&#8243; override_padding=&#8221;yes&#8221; column_padding=&#8221;2&#8243; style=&#8221;dark&#8221; overlay_alpha=&#8221;50&#8243; shift_x=&#8221;0&#8243; shift_y=&#8221;0&#8243; shift_y_down=&#8221;0&#8243; z_index=&#8221;0&#8243; medium_width=&#8221;0&#8243; mobile_width=&#8221;0&#8243; width=&#8221;1\/1&#8243; uncode_shortcode_id=&#8221;377408&#8243;][vc_custom_heading text_size=&#8221;h5&#8243; css_animation=&#8221;marquee&#8221; marquee_clone=&#8221;yes&#8221; uncode_shortcode_id=&#8221;685890&#8243;]FOLDER\u2009\u2022 ROLL-UP\u2009\u2022 PROFILKL\u00c4DER\u2009\u2022\u2009LOGOTYPE\u2009\u2022 VEPA \u2022\u2009SKYLT\u2009\u2022 GRAFISK PROFIL\u2009\u2022\u2009AFFISCH\u2009\u2022\u2009M\u00c4SSA\u2009\u2022\u2009ANNONS\u2009\u2022\u2009DEKAL\u2009\u2022\u2009NYHETSBREV\u2009\u2022\u2009FLAGGA\u2009\u2022 GIVE AWAYS\u00a0\u2022[\/vc_custom_heading][\/vc_column_inner][\/vc_row_inner][vc_empty_space empty_h=&#8221;2&#8243;][\/vc_column][vc_column column_width_percent=&#8221;100&#8243; align_horizontal=&#8221;align_center&#8221; gutter_size=&#8221;3&#8243; overlay_alpha=&#8221;50&#8243; shift_x=&#8221;0&#8243; shift_y=&#8221;0&#8243; shift_y_down=&#8221;0&#8243; z_index=&#8221;0&#8243; medium_width=&#8221;0&#8243; mobile_width=&#8221;0&#8243; width=&#8221;1\/3&#8243; uncode_shortcode_id=&#8221;277837&#8243;][vc_single_image media=&#8221;147&#8243; media_width_use_pixel=&#8221;yes&#8221; media_ratio=&#8221;one-one&#8221; alignment=&#8221;center&#8221; shape=&#8221;img-circle&#8221; uncode_shortcode_id=&#8221;532066&#8243;][vc_column_text text_lead=&#8221;yes&#8221; uncode_shortcode_id=&#8221;108564&#8243;]<b>H\u00f6r av dig!<br \/>\n<\/b>jens@jensreklambyra.se<br \/>\n070-567 42 65<\/p>\n<p>MOTALA \u2022 VADSTENA[\/vc_column_text][\/vc_column][\/vc_row][vc_row][vc_column width=&#8221;2\/3&#8243;][vc_custom_heading text_size=&#8221;h3&#8243; uncode_shortcode_id=&#8221;154815&#8243;]Profilkl\u00e4der\/Give-aways[\/vc_custom_heading][vc_column_text text_lead=&#8221;yes&#8221; uncode_shortcode_id=&#8221;754098&#8243;]Jag \u00e4r \u00e5terf\u00f6rs\u00e4ljare f\u00f6r bl.a. dessa varum\u00e4rken. Klicka p\u00e5 logotyperna och f\u00e5 inspiriation vad som skulle passa just er och era kunder\/anst\u00e4llda.[\/vc_column_text][vc_gallery el_id=&#8221;gallery-142630-941-176-221-235-503&#8243; type=&#8221;carousel&#8221; medias=&#8221;96,97,99,100,118,119&#8243; carousel_lg=&#8221;6&#8243; carousel_md=&#8221;6&#8243; carousel_sm=&#8221;3&#8243; gutter_size=&#8221;3&#8243; media_items=&#8221;media|custom_link|original,icon&#8221; carousel_v_align=&#8221;middle&#8221; carousel_interval=&#8221;3000&#8243; carousel_navspeed=&#8221;400&#8243; carousel_loop=&#8221;yes&#8221; stage_padding=&#8221;0&#8243; single_overlay_opacity=&#8221;50&#8243; single_overlay_anim=&#8221;no&#8221; single_image_coloration=&#8221;desaturated&#8221; single_padding=&#8221;2&#8243; single_border=&#8221;yes&#8221; lbox_gallery_arrows=&#8221;no&#8221; uncode_shortcode_id=&#8221;923747&#8243; items=&#8221;eyIxMThfaSI6eyJzaW5nbGVfbGluayI6InVybDpodHRwcyUzQSUyRiUyRnd3dy5uaW1idXMtYjJiLnNlJTJGfHRhcmdldDpfYmxhbmt8cmVsOm5vZm9sbG93In0sIjk5X2kiOnsic2luZ2xlX2xpbmsiOiJ1cmw6aHR0cHMlM0ElMkYlMkZ3d3cuY3JhZnRvZnNjYW5kaW5hdmlhLnNlJTJGIn0sIjk3X2kiOnsic2luZ2xlX2xpbmsiOiJ1cmw6aHR0cHMlM0ElMkYlMkZ3d3cuZG9jaGouc2UlMkZ8dGFyZ2V0Ol9ibGFua3xyZWw6bm9mb2xsb3cifSwiMTAwX2kiOnsic2luZ2xlX2xpbmsiOiJ1cmw6aHR0cHMlM0ElMkYlMkZ3d3cuZG9jaGouc2UlMkYifSwiOTZfaSI6eyJzaW5nbGVfbGluayI6InVybDpodHRwcyUzQSUyRiUyRnd3dy5uZXd3YXZlLnNlJTJGcHJvZHVrdGVyJTJGJTNGYnJhbmQlM0RDdXR0ZXJhbmRidWNrfHRhcmdldDpfYmxhbmt8cmVsOm5vZm9sbG93In0sIjExOV9pIjp7InNpbmdsZV9saW5rIjoidXJsOmh0dHBzJTNBJTJGJTJGdGluZ3Muc2UlMkZ8dGFyZ2V0Ol9ibGFua3xyZWw6bm9mb2xsb3cifX0=&#8221;][\/vc_column][vc_column width=&#8221;1\/3&#8243;][\/vc_column][\/vc_row][vc_row row_height_percent=&#8221;0&#8243; override_padding=&#8221;yes&#8221; h_padding=&#8221;2&#8243; top_padding=&#8221;2&#8243; bottom_padding=&#8221;3&#8243; back_color=&#8221;color-xsdn&#8221; overlay_alpha=&#8221;50&#8243; gutter_size=&#8221;3&#8243; column_width_percent=&#8221;100&#8243; shift_y=&#8221;0&#8243; z_index=&#8221;0&#8243; uncode_shortcode_id=&#8221;204418&#8243; back_color_type=&#8221;uncode-palette&#8221;][vc_column width=&#8221;1\/1&#8243;][vc_custom_heading text_size=&#8221;h3&#8243; uncode_shortcode_id=&#8221;719388&#8243;]Urval av kunder:[\/vc_custom_heading][vc_gallery el_id=&#8221;gallery-178367&#8243; type=&#8221;carousel&#8221; random=&#8221;yes&#8221; medias=&#8221;84,88,87,86,89,90,91,92,93,94,95,149,150,151,152,153,154,155&#8243; carousel_lg=&#8221;9&#8243; carousel_md=&#8221;6&#8243; carousel_sm=&#8221;4&#8243; gutter_size=&#8221;3&#8243; media_items=&#8221;media|nolink|original&#8221; carousel_v_align=&#8221;middle&#8221; carousel_type=&#8221;fade&#8221; carousel_interval=&#8221;3000&#8243; carousel_navspeed=&#8221;400&#8243; carousel_loop=&#8221;yes&#8221; stage_padding=&#8221;0&#8243; single_overlay_opacity=&#8221;50&#8243; single_overlay_anim=&#8221;no&#8221; single_image_anim=&#8221;no&#8221; single_padding=&#8221;2&#8243; single_border=&#8221;yes&#8221; uncode_shortcode_id=&#8221;119564&#8243;][\/vc_column][\/vc_row]<\/p>\n<\/section>","protected":false},"excerpt":{"rendered":"<p>[vc_row row_height_percent=&#8221;0&#8243; override_padding=&#8221;yes&#8221; h_padding=&#8221;2&#8243; top_padding=&#8221;3&#8243; bottom_padding=&#8221;2&#8243; back_color=&#8221;color-xsdn&#8221; overlay_alpha=&#8221;80&#8243; gutter_size=&#8221;4&#8243; column_width_percent=&#8221;100&#8243; shift_y=&#8221;0&#8243; z_index=&#8221;0&#8243; bottom_divider=&#8221;swoosh-opacity&#8221; el_class=&#8221;gradient&#8221; uncode_shortcode_id=&#8221;113449&#8243; back_color_type=&#8221;uncode-palette&#8221;][vc_column column_width_percent=&#8221;100&#8243; position_vertical=&#8221;bottom&#8221; gutter_size=&#8221;3&#8243; style=&#8221;light&#8221; [&hellip;]<\/p>\n","protected":false},"author":1,"featured_media":0,"parent":0,"menu_order":0,"comment_status":"closed","ping_status":"closed","template":"","meta":{"footnotes":""},"class_list":["post-29","page","type-page","status-publish","hentry"],"_links":{"self":[{"href":"https:\/\/jensreklambyra.se\/index.php?rest_route=\/wp\/v2\/pages\/29","targetHints":{"allow":["GET"]}}],"collection":[{"href":"https:\/\/jensreklambyra.se\/index.php?rest_route=\/wp\/v2\/pages"}],"about":[{"href":"https:\/\/jensreklambyra.se\/index.php?rest_route=\/wp\/v2\/types\/page"}],"author":[{"embeddable":true,"href":"https:\/\/jensreklambyra.se\/index.php?rest_route=\/wp\/v2\/users\/1"}],"replies":[{"embeddable":true,"href":"https:\/\/jensreklambyra.se\/index.php?rest_route=%2Fwp%2Fv2%2Fcomments&post=29"}],"version-history":[{"count":90,"href":"https:\/\/jensreklambyra.se\/index.php?rest_route=\/wp\/v2\/pages\/29\/revisions"}],"predecessor-version":[{"id":158,"href":"https:\/\/jensreklambyra.se\/index.php?rest_route=\/wp\/v2\/pages\/29\/revisions\/158"}],"wp:attachment":[{"href":"https:\/\/jensreklambyra.se\/index.php?rest_route=%2Fwp%2Fv2%2Fmedia&parent=29"}],"curies":[{"name":"wp","href":"https:\/\/api.w.org\/{rel}","templated":true}]}}